 p(y) = -4*y**3 + 9. Let d(v) = -5*p(v) - 3*u(v). Calculate d(-3).
6
Let n(b) = b + 2. Let c be 8 + (-824)/48 - 1/(-6). What is n(c)?
-7
Let w(f) = -1 + 2*f + 0*f**2 + 6*f**2 - 7*f**2. Calculate w(-2).
-9
Let s(j) be the third derivative of -j**6/120 - 11*j**5/60 - 3*j**4/8 + 3*j**3/2 + 8*j**2 + 33. What is s(-10)?
-1
Let a be -1 - -3*10/(-6). Let h(x) = 25*x + 4 - 6 + 5 + 5 - 24*x. What is h(a)?
2
Let o(i) = i**3 + 4*i**2 - 5*i + 3. Let u be o(-5). Let a(f) = -f**u - 6*f + 8 + 6 + 5*f - 1. Suppose 0 = 6*l - 3*l. Calculate a(l).
13
Let n(b) = 16*b + 18*b**2 + 18*b**2 - 25 + 23*b**2 - 58*b**2. What is n(-19)?
32
Let c(d) = 3*d - 5. Let y(f) = -2*f + 3. Let b(i) = -3*c(i) - 5*y(i). Let s be (2 - -3)*-1 - (3 - 12). What is b(s)?
4
Let p be (-10)/15 - (2/6 + -3). Let n(c) = 7*c**3 - c**2 - 1. Give n(p).
51
Let l(k) = k**2 - k**2 - 8*k - 1 - k**2. Let b be (-28*(-13)/(-26))/(1 - -1). Determine l(b).
6
Suppose -p + 18 = 2*p. Suppose -3*u + 0*w = -2*w + p, -3*w = u - 9. Let c = u + -5. Let g(t) = -t + 1. Calculate g(c).
6
Let u be 2/4*20 + (-44 - -46). Let i(z) = z**3 - 13*z**2 + 15*z - 2. Give i(u).
34
Let x(c) = -5*c**3 - c**2 - 2*c + 9. Let m(b) = -3*b**3 - b + 5. Let w(r) = -7*m(r) + 4*x(r). Let o be (-27)/18*(-20)/6. Give w(o).
21
Let t be 6/(-6*(-3)/(-12)). Let f(c) = c**2 + 4*c - 4. Give f(t).
-4
Let p(r) = -19*r**3 - 34*r**2 - 6*r - 3. Let y(n) = -13*n**3 - 24*n**2 - 4*n - 2. Let w(l) = 5*p(l) - 7*y(l). Determine w(-1).
3
Let g(f) = 2*f + 6*f**2 - f**3 + 4*f**3 + 3*f**2 - 6*f**2 - 2*f**3. Determine g(-2).
0
Let z(f) = 9*f + 12. Let j = -1101 + 1100. What is z(j)?
3
Let k = 3 - 0. Suppose q + 3*o + 12 = 0, k*q = 8*q + o + 4. Let n(w) = 287*w + 2. Let r(m) = 789*m + 7. Let t(c) = 11*n(c) - 4*r(c). Give t(q).
-6
Let a(k) = -2*k**3 - 6*k**2 - 4*k + 9. Let h(r) = r**3 - r**2 + r + 1. Let m(i) = -a(i) - 3*h(i). Give m(9).
-3
Let z(b) = -b**3 + 10*b**2 - 11*b + 19. Let v = -1286 + 1295. Give z(v).
1
Let k be (5/15)/(-1) - 122/(-6). Let p be ((-252)/22)/(-3) + k/110. Let j(q) = -q**3 + 4*q**2 + 3*q + 1. Determine j(p).
13
Suppose -2*y - 2*y = -4, q = 4*y. Let o = 161 - 150. Let m(j) = 0*j - j - o - 4*j + q*j. Determine m(-5).
-6
Let t(o) = 6*o - 16. Let x(q) = 3*q - 1. Let z(f) = -t(f) + 3*x(f). Determine z(-4).
1
Suppose 63 = 6*h + 15*h. Let v(c) = 2*c - 4. Give v(h).
2
Let s(q) = q + 5. Let z = 160 - 167. Give s(z).
-2
Let u(p) be the third derivative of -p**5/60 - 17*p**4/24 - 7*p**3/2 - 2*p**2 - 34*p. Determine u(-16).
-5
Let j be ((-4)/(16 + -4))/(5/(-60)). Let g(m) = -4*m + m - j*m + 6*m. Calculate g(-2).
2
Let q = 68 + -67. Let s(l) = l**3 + 2*l**2 - l - 1. Let a(j) = 4*j**3 - 2*j**2 - 2*j - 12. Let m(c) = q*a(c) - 3*s(c). Determine m(8).
-1
Let r(k) = k - 23*k**2 + 0*k - 2*k - 2 + 22*k**2. What is r(2)?
-8
Let n(w) = -w**3 + 4*w**2 + 2*w - 3. Suppose -3*o - 45 = -7*o - 5*a, -o = -3*a + 10. Give n(o).
-18
Let m(z) = z - 4. Let g(j) be the third derivative of j**4/3 + 51*j**2. Let r be g(-1). Determine m(r).
-12
Let w(s) be the third derivative of 4*s**2 - 2/3*s**3 + 1/30*s**5 + 0 + 1/360*s**6 + 0*s + 1/12*s**4. Let y(h) be the first derivative of w(h). What is y(-5)?
7
Let a be 2*1*(-6)/(-4). Let x = -7 - -11. Let p(z) = 4 + 3 - 2*z - z - x. Determine p(a).
-6
Let u(s) be the second derivative of -2*s**3/3 + 2*s**2 - 2*s + 33. What is u(-3)?
16
Let n(s) = s**3 - 3*s**2 - 2*s - 2. Suppose -l = a + 3*l + 8, -4*a + 2*l + 22 = 0. Let i(o) = o**2 - 3*o. Let x be i(a). Determine n(x).
6
Let l(w) = -w**2 - 7*w - 6. Let d(k) = -k - 21. Let j be d(-15). Let f be (-24 - 3)*2/j. Suppose -2*h - 6 = -i, i + f = 2*h - 3*h. Determine l(i).
6
Suppose 0 = 3*t - 56 - 22. Let b = t + -21. Let l(f) = 7*f**2 + 5*f - 2*f - 3*f - 2 + f**3 + b*f. Calculate l(-6).
4
Let f(x) = 7*x**2 - 3*x + 18. Let q(o) = -5*o**2 + 4*o - 15. Let z(v) = 3*f(v) + 4*q(v). Give z(-8).
2
Let q = -27 + 53. Suppose -5*x - q = h - 2*h, 5*h + 5 = -2*x. Let j(c) = -c - 4. Calculate j(x).
1
Let r(h) = -3*h - 29. Let m(a) = -a - 15. Let g(c) = -2*m(c) + r(c). Suppose -t = -0*t + 2. Determine g(t).
3
Let k(c) = 11*c + 6. Let o(g) = -10*g - 5. Let i(r) = -4*k(r) - 5*o(r). Suppose -8 = -2*f - 6*f. What is i(f)?
7
Suppose 0 = -3*a + 3*u + 45, -3*u + 2 = -a + 23. Let p(g) = g**3 - 12*g**2 + 11. Calculate p(a).
11
Let h(p) = -p**3 - 6*p**2 - 6*p - 4. Let o be h(-5). Let c(t) be the third derivative of -4*t**2 + 0 + 0*t**4 + 0*t + 0*t**5 + 0*t**3 + 1/20*t**6. What is c(o)?
6
Let p(z) be the second derivative of 4*z**3/3 + z**2/2 + 35*z. What is p(-2)?
-15
Let k be -6*(-3)/((-18)/(-4)). Let m(s) = -46*s - 37*s + 77*s - 22 + s**2 + 26. What is m(k)?
-4
Let r(n) = 3*n. Let q(s) = 5*s + 68. Let x be q(-14). Determine r(x).
-6
Let a(m) = -3*m + 33. Let z(h) = -4*h + 49. Let y(u) = -7*a(u) + 5*z(u). Let t be (-3)/15 + (-377)/65. Calculate y(t).
8
Let q = -18 - -27. Let r(z) = -16*z + z**2 + 3*z + q*z. Let k be 1/(-3) - (-13)/3. Give r(k).
0
Let b(n) = -n**2 + 6*n + 6. Suppose -2*o = -o - 4. Let a(l) = -l**2 + 3*l + 9. Let q be a(o). Calculate b(q).
11
Suppose 2 = -4*x + a, -3*x = -3*a + 2*a + 2. Let f(s) = s - 2*s + 0*s + x*s + 15. Determine f(0).
15
Let r(s) be the first derivative of -s**3/3 + s**2/2 + 4*s - 24. Determine r(0).
4
Let h(q) = -7*q + 8. Let n(v) = 8*v - 9. Let s(m) = -6*h(m) - 5*n(m). Suppose 7*a - 8*a + 2 = 0. Calculate s(a).
1
Let x = 510 - 516. Let k(f) = -2*f - 5. Determine k(x).
7
Let j(z) = 3*z**2 - 12*z - 14. Let h(a) = -16*a**2 + 62*a + 72. Let i(v) = -2*h(v) - 11*j(v). Calculate i(8).
10
Suppose -9*l = -l. Let a be (l - (-1)/3)/((-2)/(-24)). Let q(n) = -n**3 + 4*n**2 + 5. Give q(a).
5
Let m(g) = g**2 - 6*g + 1. Let i be m(4). Let x(r) be the first derivative of r**4/4 + 7*r**3/3 + 3*r**2/2 + 10*r + 6744. Determine x(i).
-11
Let o(k) = -k**2 - 2*k - 3. Let d(q) = -q**3 - 37*q**2 - 35*q + 33. Let u be d(-36). Give o(u).
-6
Let j be (-17)/(-6) + 3/18. Let h(u) = 9*u**2 + 5 + 5*u**3 - 6*u**j + 3 - 18*u**2. Determine h(-9).
8
Let m(a) be the second derivative of -a**5/10 + a**4/3 - 147*a + 1. Give m(3).
-18
Let w(a) = a + 19. Let l be -9 - -1 - (-5 - -3)*1. Give w(l).
13
Let d(a) = 2*a + 1. Suppose 1 = -2*t - z, -2*z = 3*z + 15. Suppose -3*f = -t + 7. Calculate d(f).
-3
Let o be -4 + 1 - (26 + -56 - -23). Let u(b) = -b**2 - 5*b + 5. Give u(o).
-31
Let u(a) = a**2 - 3*a - 1. Let l = -40 + 120. Suppose 0*r = -4*r - l. Let m be -6*(r/8 + 2). Give u(m).
-1
Suppose -3*u = -4*u + o - 2, 2*u + 3*o = 16. Suppose 4*l = -u*y + 8, 2*y - 1 + 2 = -l. Let m(z) = 1 - 2*z**2 + 2*z**2 + l*z - 2*z**2 + 7*z**2. Calculate m(-2).
15
Let n(t) = -10 - 6*t + 1 + 26*t**2 + 2 - 22*t**2 + t**3. Give n(-5).
-2
Let q be (24/20)/(3/10). Let u(z) be the third derivative of 1/60*z**5 - 3/8*z**4 + 0*z + 0 + 5/6*z**3 - z**2. Determine u(q).
-15
Suppose 32 = -3*n - n. Let q = n + 7. Let y be (q + 4)*(-6)/(-9). Let o(j) = -j**3 + 3*j**2 - j - 1. Calculate o(y).
1
Let i(d) = d**3 - 4*d**2 - 13*d + 12. Let k = -322 + 328. What is i(k)?
6
Let p(w) = -7*w - 6. Let a(m) = 17*m + 11. Let o(t) = 2*a(t) + 5*p(t). Give o(-3).
-5
Suppose 0 = -2*v - v + 36. Let d(y) = -2 + 2*y + v*y - 13*y. Determine d(5).
3
Suppose 4*f - 7*f = 6. Let j = f + -3. Let t(w) be the third derivative of w**4/24 + w**3 - 33*w**2. Determine t(j).
1
Let n(y) = y**2 - 7*y + 6. Let a = 45 + -42. Suppose -6 = -3*s + 3*p, 0 = a*s + p + p - 21. Determine n(s).
-4
Let b(t) = -30*t + 3. Let q be b(2). Let w = q + 55. Let r(o) = -7*o + 2. Let s(y) = -6*y + 2. Let z(x) = -5*r(x) + 6*s(x). What is z(w)?
4
Let w(h) = h + 2. Let l(r) = r + 7. Let i(k) = -3*l(k) + 6*w(k). Give i(6).
9
Suppose -12*v = -14 + 2. Let x(w) = -1. Let f(m) = -8*m**2 + 2*m - 3. Let d(i) = -f(i) + 2*x(i). Determine d(v).
7
Let v(k) be the second derivative of 1/6*k**3 + 2*k**2 - 3*k + 0. Let m be (5/(-15))/((-1)/(-9)). What is v(m)?
1
Let j(g) be the first derivative of -5*g**4/4 - g**3/3 + g**2 - g - 394. Calculate j(1).
-5
Let n(w) = w**3 + 6*w**2 + 4*w + 6. Suppose -3*k - 142 = 26. Let p be ((-48)/k)/((-2)/14). Determine n(p).
-18
Let u(p) be the third derivative of -p**4/8 - 7*p**3/6 + 4*p**2. Let x(a) = a**2. Let f(s) = -u(s) - x(s). Let m(k) = -4*k + 2. Let r be m(-1). What is f(r)?
-11
Suppose 8*q - 288 = -0*q. Suppose 0 = 26*d - 32*d - q. Let c(l) = 3*l + 15. Determine c(d).
-3
Let b 